{"id":2402,"date":"2021-10-21T12:16:41","date_gmt":"2021-10-21T12:16:41","guid":{"rendered":"https:\/\/cgc.energy\/esp\/?page_id=2402"},"modified":"2026-03-10T15:20:18","modified_gmt":"2026-03-10T15:20:18","slug":"certificacion-iso-14-001","status":"publish","type":"page","link":"https:\/\/cgc.energy\/esp\/certificacion-iso-14-001\/","title":{"rendered":"Certificaci\u00f3n ISO 14.001"},"content":{"rendered":"\t\t<div data-elementor-type=\"wp-page\" data-elementor-id=\"2402\" class=\"elementor elementor-2402\" data-elementor-post-type=\"page\">\n\t\t\t\t\t\t<section class=\"elementor-section elementor-top-section elementor-element elementor-element-f18419e elementor-section-boxed elementor-section-height-default elementor-section-height-default\" data-id=\"f18419e\" data-element_type=\"section\" data-e-type=\"section\">\n\t\t\t\t\t\t<div class=\"elementor-container elementor-column-gap-default\">\n\t\t\t\t\t<div class=\"elementor-column elementor-col-100 elementor-top-column elementor-element elementor-element-e639ecf\" data-id=\"e639ecf\" data-element_type=\"column\" data-e-type=\"column\">\n\t\t\t<div class=\"elementor-widget-wrap elementor-element-populated\">\n\t\t\t\t\t\t<div class=\"elementor-element elementor-element-45b4313 elementor-widget elementor-widget-heading\" data-id=\"45b4313\" data-element_type=\"widget\" data-e-type=\"widget\" data-widget_type=\"heading.default\">\n\t\t\t\t<div class=\"elementor-widget-container\">\n\t\t\t\t\t<h2 class=\"elementor-heading-title elementor-size-default\">Certificaci\u00f3n ISO 14.001<\/h2>\t\t\t\t<\/div>\n\t\t\t\t<\/div>\n\t\t\t\t\t<\/div>\n\t\t<\/div>\n\t\t\t\t\t<\/div>\n\t\t<\/section>\n\t\t\t\t<section class=\"elementor-section elementor-top-section elementor-element elementor-element-0cf5abb elementor-section-boxed elementor-section-height-default elementor-section-height-default\" data-id=\"0cf5abb\" data-element_type=\"section\" data-e-type=\"section\">\n\t\t\t\t\t\t<div class=\"elementor-container elementor-column-gap-default\">\n\t\t\t\t\t<div class=\"elementor-column elementor-col-50 elementor-top-column elementor-element elementor-element-2b53f16\" data-id=\"2b53f16\" data-element_type=\"column\" data-e-type=\"column\">\n\t\t\t<div class=\"elementor-widget-wrap elementor-element-populated\">\n\t\t\t\t\t\t<div class=\"elementor-element elementor-element-efd33cc elementor-widget elementor-widget-text-editor\" data-id=\"efd33cc\" data-element_type=\"widget\" data-e-type=\"widget\" data-widget_type=\"text-editor.default\">\n\t\t\t\t<div class=\"elementor-widget-container\">\n\t\t\t\t\t\t\t\t\t<p>Desde 2015, CGC cuenta con la certificaci\u00f3n de su Sistema de Gesti\u00f3n Ambiental conforme los requerimientos de la norma ISO 14001, cuyo alcance abarca la generaci\u00f3n de energ\u00eda el\u00e9ctrica a partir del gas de campo con alto contenido de di\u00f3xido de carbono y el transporte de energ\u00eda el\u00e9ctrica en media tensi\u00f3n al Sistema Interconectado Nacional. En 2018 se obtuvo la recertificaci\u00f3n bajo la versi\u00f3n ISO 14001:2015, fortaleciendo nuestro compromiso con la protecci\u00f3n ambiental y la integraci\u00f3n de criterios socioecon\u00f3micos. La auditor\u00eda de recertificaci\u00f3n realizada en diciembre de 2024 tuvo resultado satisfactorio, validando la certificaci\u00f3n hasta 2027.<br \/><br \/>El cumplimiento de esta certificaci\u00f3n respalda la optimizaci\u00f3n de nuestras pr\u00e1cticas ambientales, la mitigaci\u00f3n de impactos operativos y la consolidaci\u00f3n de un proceso de mejora continua alineado con los est\u00e1ndares internacionales y las expectativas de nuestros grupos de inter\u00e9s.<\/p>\t\t\t\t\t\t\t\t<\/div>\n\t\t\t\t<\/div>\n\t\t\t\t\t<\/div>\n\t\t<\/div>\n\t\t\t\t<div class=\"elementor-column elementor-col-50 elementor-top-column elementor-element elementor-element-84b2af2\" data-id=\"84b2af2\" data-element_type=\"column\" data-e-type=\"column\">\n\t\t\t<div class=\"elementor-widget-wrap elementor-element-populated\">\n\t\t\t\t\t\t<div class=\"elementor-element elementor-element-e186a08 elementor-widget elementor-widget-image\" data-id=\"e186a08\" data-element_type=\"widget\" data-e-type=\"widget\" data-widget_type=\"image.default\">\n\t\t\t\t<div class=\"elementor-widget-container\">\n\t\t\t\t\t\t\t\t\t\t\t\t\t\t\t<img fetchpriority=\"high\" decoding=\"async\" width=\"1024\" height=\"378\" src=\"https:\/\/cgc.energy\/esp\/wp-content\/uploads\/2026\/03\/TR-Testmark_9108641962_EN_CMYK_with-QR-Code-1024x378.png\" class=\"attachment-large size-large wp-image-3399\" alt=\"\" srcset=\"https:\/\/cgc.energy\/esp\/wp-content\/uploads\/2026\/03\/TR-Testmark_9108641962_EN_CMYK_with-QR-Code-1024x378.png 1024w, https:\/\/cgc.energy\/esp\/wp-content\/uploads\/2026\/03\/TR-Testmark_9108641962_EN_CMYK_with-QR-Code-300x111.png 300w, https:\/\/cgc.energy\/esp\/wp-content\/uploads\/2026\/03\/TR-Testmark_9108641962_EN_CMYK_with-QR-Code-768x283.png 768w, https:\/\/cgc.energy\/esp\/wp-content\/uploads\/2026\/03\/TR-Testmark_9108641962_EN_CMYK_with-QR-Code-1536x567.png 1536w, https:\/\/cgc.energy\/esp\/wp-content\/uploads\/2026\/03\/TR-Testmark_9108641962_EN_CMYK_with-QR-Code.png 1965w\" sizes=\"(max-width: 1024px) 100vw, 1024px\" \/>\t\t\t\t\t\t\t\t\t\t\t\t\t\t\t<\/div>\n\t\t\t\t<\/div>\n\t\t\t\t\t<\/div>\n\t\t<\/div>\n\t\t\t\t\t<\/div>\n\t\t<\/section>\n\t\t\t\t<\/div>\n\t\t","protected":false},"excerpt":{"rendered":"<p>Certificaci\u00f3n ISO 14.001 Desde 2015, CGC cuenta con la certificaci\u00f3n de su Sistema de Gesti\u00f3n Ambiental conforme los requerimientos de la norma ISO 14001, cuyo alcance abarca la generaci\u00f3n de energ\u00eda el\u00e9ctrica a partir del gas de campo con alto contenido de di\u00f3xido de carbono y el transporte de energ\u00eda el\u00e9ctrica en media tensi\u00f3n al [&hellip;]<\/p>\n","protected":false},"author":1,"featured_media":0,"parent":0,"menu_order":0,"comment_status":"closed","ping_status":"closed","template":"","meta":{"ocean_post_layout":"","ocean_both_sidebars_style":"","ocean_both_sidebars_content_width":0,"ocean_both_sidebars_sidebars_width":0,"ocean_sidebar":"0","ocean_second_sidebar":"0","ocean_disable_margins":"enable","ocean_add_body_class":"","ocean_shortcode_before_top_bar":"","ocean_shortcode_after_top_bar":"","ocean_shortcode_before_header":"","ocean_shortcode_after_header":"","ocean_has_shortcode":"","ocean_shortcode_after_title":"","ocean_shortcode_before_footer_widgets":"","ocean_shortcode_after_footer_widgets":"","ocean_shortcode_before_footer_bottom":"","ocean_shortcode_after_footer_bottom":"","ocean_display_top_bar":"default","ocean_display_header":"default","ocean_header_style":"","ocean_center_header_left_menu":"0","ocean_custom_header_template":"0","ocean_custom_logo":0,"ocean_custom_retina_logo":0,"ocean_custom_logo_max_width":0,"ocean_custom_logo_tablet_max_width":0,"ocean_custom_logo_mobile_max_width":0,"ocean_custom_logo_max_height":0,"ocean_custom_logo_tablet_max_height":0,"ocean_custom_logo_mobile_max_height":0,"ocean_header_custom_menu":"0","ocean_menu_typo_font_family":"0","ocean_menu_typo_font_subset":"","ocean_menu_typo_font_size":0,"ocean_menu_typo_font_size_tablet":0,"ocean_menu_typo_font_size_mobile":0,"ocean_menu_typo_font_size_unit":"px","ocean_menu_typo_font_weight":"","ocean_menu_typo_font_weight_tablet":"","ocean_menu_typo_font_weight_mobile":"","ocean_menu_typo_transform":"","ocean_menu_typo_transform_tablet":"","ocean_menu_typo_transform_mobile":"","ocean_menu_typo_line_height":0,"ocean_menu_typo_line_height_tablet":0,"ocean_menu_typo_line_height_mobile":0,"ocean_menu_typo_line_height_unit":"","ocean_menu_typo_spacing":0,"ocean_menu_typo_spacing_tablet":0,"ocean_menu_typo_spacing_mobile":0,"ocean_menu_typo_spacing_unit":"","ocean_menu_link_color":"","ocean_menu_link_color_hover":"","ocean_menu_link_color_active":"","ocean_menu_link_background":"","ocean_menu_link_hover_background":"","ocean_menu_link_active_background":"","ocean_menu_social_links_bg":"","ocean_menu_social_hover_links_bg":"","ocean_menu_social_links_color":"","ocean_menu_social_hover_links_color":"","ocean_disable_title":"default","ocean_disable_heading":"default","ocean_post_title":"","ocean_post_subheading":"","ocean_post_title_style":"","ocean_post_title_background_color":"","ocean_post_title_background":0,"ocean_post_title_bg_image_position":"","ocean_post_title_bg_image_attachment":"","ocean_post_title_bg_image_repeat":"","ocean_post_title_bg_image_size":"","ocean_post_title_height":0,"ocean_post_title_bg_overlay":0.5,"ocean_post_title_bg_overlay_color":"","ocean_disable_breadcrumbs":"default","ocean_breadcrumbs_color":"","ocean_breadcrumbs_separator_color":"","ocean_breadcrumbs_links_color":"","ocean_breadcrumbs_links_hover_color":"","ocean_display_footer_widgets":"default","ocean_display_footer_bottom":"default","ocean_custom_footer_template":"0","footnotes":""},"class_list":["post-2402","page","type-page","status-publish","hentry","entry"],"_links":{"self":[{"href":"https:\/\/cgc.energy\/esp\/wp-json\/wp\/v2\/pages\/2402","targetHints":{"allow":["GET"]}}],"collection":[{"href":"https:\/\/cgc.energy\/esp\/wp-json\/wp\/v2\/pages"}],"about":[{"href":"https:\/\/cgc.energy\/esp\/wp-json\/wp\/v2\/types\/page"}],"author":[{"embeddable":true,"href":"https:\/\/cgc.energy\/esp\/wp-json\/wp\/v2\/users\/1"}],"replies":[{"embeddable":true,"href":"https:\/\/cgc.energy\/esp\/wp-json\/wp\/v2\/comments?post=2402"}],"version-history":[{"count":31,"href":"https:\/\/cgc.energy\/esp\/wp-json\/wp\/v2\/pages\/2402\/revisions"}],"predecessor-version":[{"id":3402,"href":"https:\/\/cgc.energy\/esp\/wp-json\/wp\/v2\/pages\/2402\/revisions\/3402"}],"wp:attachment":[{"href":"https:\/\/cgc.energy\/esp\/wp-json\/wp\/v2\/media?parent=2402"}],"curies":[{"name":"wp","href":"https:\/\/api.w.org\/{rel}","templated":true}]}}