{"id":22,"date":"2019-01-18T16:45:16","date_gmt":"2019-01-18T16:45:16","guid":{"rendered":"http:\/\/www.es.cgc.energy\/?page_id=22"},"modified":"2022-04-06T13:57:52","modified_gmt":"2022-04-06T13:57:52","slug":"estrategia","status":"publish","type":"page","link":"https:\/\/cgc.energy\/esp\/estrategia\/","title":{"rendered":"Estrategia"},"content":{"rendered":"\t\t<div data-elementor-type=\"wp-post\" data-elementor-id=\"22\" class=\"elementor elementor-22\" data-elementor-post-type=\"page\">\n\t\t\t\t\t\t<section class=\"elementor-section elementor-top-section elementor-element elementor-element-44d5225 elementor-section-full_width elementor-section-content-middle elementor-section-height-default elementor-section-height-default\" data-id=\"44d5225\" data-element_type=\"section\" data-e-type=\"section\">\n\t\t\t\t\t\t<div class=\"elementor-container elementor-column-gap-no\">\n\t\t\t\t\t<div class=\"elementor-column elementor-col-100 elementor-top-column elementor-element elementor-element-878f887\" data-id=\"878f887\" data-element_type=\"column\" data-e-type=\"column\">\n\t\t\t<div class=\"elementor-widget-wrap elementor-element-populated\">\n\t\t\t\t\t\t<div class=\"elementor-element elementor-element-2865d21 elementor--h-position-center elementor--v-position-middle elementor-pagination-position-inside elementor-widget elementor-widget-slides\" data-id=\"2865d21\" data-element_type=\"widget\" data-e-type=\"widget\" data-settings=\"{&quot;navigation&quot;:&quot;dots&quot;,&quot;autoplay_speed&quot;:4000,&quot;transition&quot;:&quot;fade&quot;,&quot;autoplay&quot;:&quot;yes&quot;,&quot;pause_on_hover&quot;:&quot;yes&quot;,&quot;pause_on_interaction&quot;:&quot;yes&quot;,&quot;infinite&quot;:&quot;yes&quot;,&quot;transition_speed&quot;:500}\" data-widget_type=\"slides.default\">\n\t\t\t\t<div class=\"elementor-widget-container\">\n\t\t\t\t\t\t\t\t\t<div class=\"elementor-swiper\">\n\t\t\t\t\t<div class=\"elementor-slides-wrapper elementor-main-swiper swiper\" role=\"region\" aria-roledescription=\"carousel\" aria-label=\"Slides\" dir=\"ltr\" data-animation=\"fadeInUp\">\n\t\t\t\t<div class=\"swiper-wrapper elementor-slides\">\n\t\t\t\t\t\t\t\t\t\t<div class=\"elementor-repeater-item-bc16172 swiper-slide\" role=\"group\" aria-roledescription=\"slide\"><div class=\"swiper-slide-bg elementor-ken-burns elementor-ken-burns--out\" role=\"img\" aria-label=\"cgcweb2x6cgc-fotos-1300\"><\/div><div class=\"swiper-slide-inner\" ><div class=\"swiper-slide-contents\"><\/div><\/div><\/div>\t\t\t\t<\/div>\n\t\t\t\t\t\t\t<\/div>\n\t\t\t\t<\/div>\n\t\t\t\t\t\t\t\t<\/div>\n\t\t\t\t<\/div>\n\t\t\t\t\t<\/div>\n\t\t<\/div>\n\t\t\t\t\t<\/div>\n\t\t<\/section>\n\t\t\t\t<section class=\"elementor-section elementor-top-section elementor-element elementor-element-1476f952 elementor-section-boxed elementor-section-height-default elementor-section-height-default\" data-id=\"1476f952\" data-element_type=\"section\" data-e-type=\"section\">\n\t\t\t\t\t\t<div class=\"elementor-container elementor-column-gap-default\">\n\t\t\t\t\t<div class=\"elementor-column elementor-col-100 elementor-top-column elementor-element elementor-element-14696f4b\" data-id=\"14696f4b\" data-element_type=\"column\" data-e-type=\"column\">\n\t\t\t<div class=\"elementor-widget-wrap elementor-element-populated\">\n\t\t\t\t\t\t<div class=\"elementor-element elementor-element-7db50b7b elementor-widget elementor-widget-spacer\" data-id=\"7db50b7b\" data-element_type=\"widget\" data-e-type=\"widget\" data-widget_type=\"spacer.default\">\n\t\t\t\t<div class=\"elementor-widget-container\">\n\t\t\t\t\t\t\t<div class=\"elementor-spacer\">\n\t\t\t<div class=\"elementor-spacer-inner\"><\/div>\n\t\t<\/div>\n\t\t\t\t\t\t<\/div>\n\t\t\t\t<\/div>\n\t\t\t\t\t<\/div>\n\t\t<\/div>\n\t\t\t\t\t<\/div>\n\t\t<\/section>\n\t\t\t\t<section class=\"elementor-section elementor-top-section elementor-element elementor-element-3305f4da elementor-section-boxed elementor-section-height-default elementor-section-height-default\" data-id=\"3305f4da\" data-element_type=\"section\" data-e-type=\"section\">\n\t\t\t\t\t\t<div class=\"elementor-container elementor-column-gap-default\">\n\t\t\t\t\t<div class=\"elementor-column elementor-col-100 elementor-top-column elementor-element elementor-element-5d92c86c\" data-id=\"5d92c86c\" data-element_type=\"column\" data-e-type=\"column\">\n\t\t\t<div class=\"elementor-widget-wrap elementor-element-populated\">\n\t\t\t\t\t\t<div class=\"elementor-element elementor-element-75680cbd elementor-widget elementor-widget-heading\" data-id=\"75680cbd\" data-element_type=\"widget\" data-e-type=\"widget\" data-widget_type=\"heading.default\">\n\t\t\t\t<div class=\"elementor-widget-container\">\n\t\t\t\t\t<h2 class=\"elementor-heading-title elementor-size-default\">ESTRATEGIA DE NEGOCIO<\/h2>\t\t\t\t<\/div>\n\t\t\t\t<\/div>\n\t\t\t\t<div class=\"elementor-element elementor-element-5c218296 elementor-widget elementor-widget-text-editor\" data-id=\"5c218296\" data-element_type=\"widget\" data-e-type=\"widget\" data-widget_type=\"text-editor.default\">\n\t\t\t\t<div class=\"elementor-widget-container\">\n\t\t\t\t\t\t\t\t\t<p>Apuntamos a incrementar nuestra producci\u00f3n y reservas de petr\u00f3leo y gas a trav\u00e9s del desarrollo y la exploraci\u00f3n de nuestras \u00e1reas al concentrarnos en proyectos de riesgo relativamente bajo y mediante nuevos acuerdos de\u00a0<i>farmout<\/i>,\u00a0<i>joint ventures\u00a0<\/i>o asociaciones similares, en inversiones estrat\u00e9gicas de ciclo largo que nos permitan capturar oportunidades de crecimiento, reducir los requerimientos de capital y, por lo tanto, evitar un incremento significativo de nuestro apalancamiento. Nuestro objetivo es continuar con la expansi\u00f3n de nuestras actividades de\u00a0<i>upstream\u00a0<\/i>y mantener nuestra inversi\u00f3n estrat\u00e9gica en el negocio de\u00a0<i>midstream,\u00a0<\/i>ya que gracias a su naturaleza predecible y de bajo riesgo, obtenemos un mayor equilibro frente a la volatilidad intr\u00ednseca del negocio de E&amp;P. Los componentes clave de nuestra estrategia son los siguientes:<\/p>\t\t\t\t\t\t\t\t<\/div>\n\t\t\t\t<\/div>\n\t\t\t\t\t<\/div>\n\t\t<\/div>\n\t\t\t\t\t<\/div>\n\t\t<\/section>\n\t\t\t\t<section class=\"elementor-section elementor-top-section elementor-element elementor-element-112011b elementor-section-boxed elementor-section-height-default elementor-section-height-default\" data-id=\"112011b\" data-element_type=\"section\" data-e-type=\"section\">\n\t\t\t\t\t\t<div class=\"elementor-container elementor-column-gap-no\">\n\t\t\t\t\t<div class=\"elementor-column elementor-col-100 elementor-top-column elementor-element elementor-element-3b618d0\" data-id=\"3b618d0\" data-element_type=\"column\" data-e-type=\"column\">\n\t\t\t<div class=\"elementor-widget-wrap elementor-element-populated\">\n\t\t\t\t\t\t<div class=\"elementor-element elementor-element-717f3c1 elementor-widget elementor-widget-accordion\" data-id=\"717f3c1\" data-element_type=\"widget\" data-e-type=\"widget\" data-widget_type=\"accordion.default\">\n\t\t\t\t<div class=\"elementor-widget-container\">\n\t\t\t\t\t\t\t<div class=\"elementor-accordion\">\n\t\t\t\t\t\t\t<div class=\"elementor-accordion-item\">\n\t\t\t\t\t<div id=\"elementor-tab-title-1191\" class=\"elementor-tab-title\" data-tab=\"1\" role=\"button\" aria-controls=\"elementor-tab-content-1191\" aria-expanded=\"false\">\n\t\t\t\t\t\t\t\t\t\t\t\t\t<span class=\"elementor-accordion-icon elementor-accordion-icon-right\" aria-hidden=\"true\">\n\t\t\t\t\t\t\t\t\t\t\t\t\t\t\t<span class=\"elementor-accordion-icon-closed\"><i class=\"fas fa-angle-down\"><\/i><\/span>\n\t\t\t\t\t\t\t\t<span class=\"elementor-accordion-icon-opened\"><i class=\"fas fa-sort-up\"><\/i><\/span>\n\t\t\t\t\t\t\t\t\t\t\t\t\t\t<\/span>\n\t\t\t\t\t\t\t\t\t\t\t\t<a class=\"elementor-accordion-title\" tabindex=\"0\">Incrementar la producci\u00f3n mediante un mayor desarrollo de nuestras \u00e1reas actuales<\/a>\n\t\t\t\t\t<\/div>\n\t\t\t\t\t<div id=\"elementor-tab-content-1191\" class=\"elementor-tab-content elementor-clearfix\" data-tab=\"1\" role=\"region\" aria-labelledby=\"elementor-tab-title-1191\"><p>Estamos comprometidos con el crecimiento sostenible de nuestro negocio a trav\u00e9s del desarrollo continuo y la exploraci\u00f3n de las \u00e1reas en las cuales operamos, muchas de las cuales se encuentran subexplotadas. Concentramos nuestras actividades principalmente en la cuenca Austral, con especial \u00e9nfasis en la producci\u00f3n de gas no convencional. Continuaremos priorizando proyectos de producci\u00f3n y exploraci\u00f3n de ciclo corto, al mismo tiempo que evaluamos proyectos de m\u00e1s largo plazo que puedan proveer un importante potencial de crecimiento en nuestra operaci\u00f3n y el desarrollo de nuevas reservas. Creemos que los acuerdos de\u00a0<i>farmout\u00a0<\/i>y\u00a0<i>joint ventures\u00a0<\/i>son los medios m\u00e1s eficientes para incrementar nuestros proyectos de exploraci\u00f3n en las \u00e1reas en las que tenemos concesiones. Consideramos que nuestro \u00e9xito en el largo plazo depender\u00e1 de nuestra capacidad de incrementar nuestra productividad y nuestros activos, mediante proyectos de inversi\u00f3n rentables, que nos permitan alcanzar una base de reservas equilibrada.<\/p><\/div>\n\t\t\t\t<\/div>\n\t\t\t\t\t\t\t<div class=\"elementor-accordion-item\">\n\t\t\t\t\t<div id=\"elementor-tab-title-1192\" class=\"elementor-tab-title\" data-tab=\"2\" role=\"button\" aria-controls=\"elementor-tab-content-1192\" aria-expanded=\"false\">\n\t\t\t\t\t\t\t\t\t\t\t\t\t<span class=\"elementor-accordion-icon elementor-accordion-icon-right\" aria-hidden=\"true\">\n\t\t\t\t\t\t\t\t\t\t\t\t\t\t\t<span class=\"elementor-accordion-icon-closed\"><i class=\"fas fa-angle-down\"><\/i><\/span>\n\t\t\t\t\t\t\t\t<span class=\"elementor-accordion-icon-opened\"><i class=\"fas fa-sort-up\"><\/i><\/span>\n\t\t\t\t\t\t\t\t\t\t\t\t\t\t<\/span>\n\t\t\t\t\t\t\t\t\t\t\t\t<a class=\"elementor-accordion-title\" tabindex=\"0\">Optimizar yacimientos subexplotados de petr\u00f3leo y gas<\/a>\n\t\t\t\t\t<\/div>\n\t\t\t\t\t<div id=\"elementor-tab-content-1192\" class=\"elementor-tab-content elementor-clearfix\" data-tab=\"2\" role=\"region\" aria-labelledby=\"elementor-tab-title-1192\"><p>Nos encontramos en proceso de optimizaci\u00f3n de yacimientos subexplotados de petr\u00f3leo y gas, considerados marginales por el operador anterior, efectuando mejoras e implementando reducciones de costos, lo que nos permite incrementar los m\u00e1rgenes operativos a trav\u00e9s de la diluci\u00f3n de costos fijos en base a un mayor volumen de producci\u00f3n. Gracias a nuestra estructura operativa flexible y nuestros recursos, que nos permiten centrarnos mayormente en la producci\u00f3n de hidrocarburos, contamos con la capacidad de modificar nuestro mix de petr\u00f3leo y gas en funci\u00f3n de las condiciones cambiantes del mercado local, de manera de priorizar la producci\u00f3n del producto m\u00e1s rentable en cada momento. Al concentrarnos en la eficiencia, hemos establecido procesos de negocio para fijar y supervisar objetivos, asegurando que los mismos se cumplan de manera rentable y segura. Asimismo, continuaremos aplicando tecnolog\u00eda de avanzada y soluciones tendientes a reducir nuestros costos operativos, a fin de incrementar nuestra producci\u00f3n y reservas con un m\u00ednimo impacto ambiental.<\/p><\/div>\n\t\t\t\t<\/div>\n\t\t\t\t\t\t\t<div class=\"elementor-accordion-item\">\n\t\t\t\t\t<div id=\"elementor-tab-title-1193\" class=\"elementor-tab-title\" data-tab=\"3\" role=\"button\" aria-controls=\"elementor-tab-content-1193\" aria-expanded=\"false\">\n\t\t\t\t\t\t\t\t\t\t\t\t\t<span class=\"elementor-accordion-icon elementor-accordion-icon-right\" aria-hidden=\"true\">\n\t\t\t\t\t\t\t\t\t\t\t\t\t\t\t<span class=\"elementor-accordion-icon-closed\"><i class=\"fas fa-angle-down\"><\/i><\/span>\n\t\t\t\t\t\t\t\t<span class=\"elementor-accordion-icon-opened\"><i class=\"fas fa-sort-up\"><\/i><\/span>\n\t\t\t\t\t\t\t\t\t\t\t\t\t\t<\/span>\n\t\t\t\t\t\t\t\t\t\t\t\t<a class=\"elementor-accordion-title\" tabindex=\"0\">Mantener una pol\u00edtica de exploraci\u00f3n conservadora e invertir en dichos proyectos a trav\u00e9s de acuerdos conjuntos<\/a>\n\t\t\t\t\t<\/div>\n\t\t\t\t\t<div id=\"elementor-tab-content-1193\" class=\"elementor-tab-content elementor-clearfix\" data-tab=\"3\" role=\"region\" aria-labelledby=\"elementor-tab-title-1193\"><p>Tenemos la intenci\u00f3n de priorizar la exploraci\u00f3n a trav\u00e9s de acuerdos conjuntos y contratos similares, con el objetivo de asignar fondos \u00fanicamente a proyectos de exploraci\u00f3n en la medida que tengamos super\u00e1vit suficiente y consideremos que los mismos no perjudican nuestra situaci\u00f3n financiera. Apuntamos a reponer nuestras reservas al concentrarnos en inversiones de desarrollo en nuestras \u00e1reas actuales y planeamos incurrir en inversiones de exploraci\u00f3n cuando sea prudente desde el punto de vista financiero, empleando criterios conservadores y analizando oportunidades espec\u00edficas. Si bien contamos con acres subexplorados con potencial de recursos, tenemos la intenci\u00f3n de efectuar futuras inversiones en l\u00ednea con nuestro enfoque de riesgo equilibrado, reduciendo el mismo a trav\u00e9s de acuerdos conjuntos,\u00a0<i>farmouts\u00a0<\/i>o contratos similares.<\/p><\/div>\n\t\t\t\t<\/div>\n\t\t\t\t\t\t\t<div class=\"elementor-accordion-item\">\n\t\t\t\t\t<div id=\"elementor-tab-title-1194\" class=\"elementor-tab-title\" data-tab=\"4\" role=\"button\" aria-controls=\"elementor-tab-content-1194\" aria-expanded=\"false\">\n\t\t\t\t\t\t\t\t\t\t\t\t\t<span class=\"elementor-accordion-icon elementor-accordion-icon-right\" aria-hidden=\"true\">\n\t\t\t\t\t\t\t\t\t\t\t\t\t\t\t<span class=\"elementor-accordion-icon-closed\"><i class=\"fas fa-angle-down\"><\/i><\/span>\n\t\t\t\t\t\t\t\t<span class=\"elementor-accordion-icon-opened\"><i class=\"fas fa-sort-up\"><\/i><\/span>\n\t\t\t\t\t\t\t\t\t\t\t\t\t\t<\/span>\n\t\t\t\t\t\t\t\t\t\t\t\t<a class=\"elementor-accordion-title\" tabindex=\"0\">Continuar aprovechando las oportunidades provistas por el mercado para incrementar nuestras ganancias y optimizar nuestra cartera de clientes <\/a>\n\t\t\t\t\t<\/div>\n\t\t\t\t\t<div id=\"elementor-tab-content-1194\" class=\"elementor-tab-content elementor-clearfix\" data-tab=\"4\" role=\"region\" aria-labelledby=\"elementor-tab-title-1194\"><p>Buscamos incrementar la producci\u00f3n y modificar nuestro mix de petr\u00f3leo y gas de manera activa, como respuesta a los aumentos de precios de mercado. Durante 2018 se nos otorg\u00f3 el derecho a participar del Programa de Est\u00edmulo a las Inversiones en Desarrollos de Producci\u00f3n de Gas Natural proveniente de Reservorios no Convencionales, y estamos incrementando activamente nuestra producci\u00f3n de gas no convencional. Monitoreamos los cambios en el mercado de manera peri\u00f3dica, a partir del proceso de desregulaci\u00f3n iniciado bajo la administraci\u00f3n del gobierno del presidente Macri, y respondemos r\u00e1pidamente a ellos, con el objetivo de incrementar el precio promedio de nuestros productos. En 2018 fuimos la primera compa\u00f1\u00eda en reanudar las exportaciones de gas a Chile: en septiembre a Methanex y en octubre a Colb\u00fan, en el \u00e1rea de Santiago. Tambi\u00e9n apuntamos a incrementar nuestra rentabilidad al optimizar nuestra cartera de clientes; en este sentido, por ejemplo, hemos redirigido las ventas de gas natural al sector industrial y a otros clientes de m\u00e1rgenes mayores, que no se encuentran sujetos a precios regulados. Nuestros esfuerzos comerciales contin\u00faan enfocados en identificar oportunidades de mercado para orientar nuestras ventas a segmentos de clientes con m\u00e1rgenes m\u00e1s altos.<\/p><\/div>\n\t\t\t\t<\/div>\n\t\t\t\t\t\t\t<div class=\"elementor-accordion-item\">\n\t\t\t\t\t<div id=\"elementor-tab-title-1195\" class=\"elementor-tab-title\" data-tab=\"5\" role=\"button\" aria-controls=\"elementor-tab-content-1195\" aria-expanded=\"false\">\n\t\t\t\t\t\t\t\t\t\t\t\t\t<span class=\"elementor-accordion-icon elementor-accordion-icon-right\" aria-hidden=\"true\">\n\t\t\t\t\t\t\t\t\t\t\t\t\t\t\t<span class=\"elementor-accordion-icon-closed\"><i class=\"fas fa-angle-down\"><\/i><\/span>\n\t\t\t\t\t\t\t\t<span class=\"elementor-accordion-icon-opened\"><i class=\"fas fa-sort-up\"><\/i><\/span>\n\t\t\t\t\t\t\t\t\t\t\t\t\t\t<\/span>\n\t\t\t\t\t\t\t\t\t\t\t\t<a class=\"elementor-accordion-title\" tabindex=\"0\">Contar con un enfoque anal\u00edtico y disciplinado utilizando la mejor tecnolog\u00eda disponible para incrementar nuestra producci\u00f3n y reservas <\/a>\n\t\t\t\t\t<\/div>\n\t\t\t\t\t<div id=\"elementor-tab-content-1195\" class=\"elementor-tab-content elementor-clearfix\" data-tab=\"5\" role=\"region\" aria-labelledby=\"elementor-tab-title-1195\"><p>Continuamos empleando un enfoque anal\u00edtico y disciplinado, mediante el uso de la mejor tecnolog\u00eda disponible que se adecue a nuestras operaciones en la Cuenca Austral de manera \u00f3ptima. Fuimos el primer operador en perforar pozos horizontales mediante fracturaci\u00f3n hidr\u00e1ulica m\u00faltiple en la cuenca. Para llevar esto a cabo, adquirimos un nuevo equipo de perforaci\u00f3n semiautom\u00e1tico, que comenz\u00f3 a operar a principios de 2016, a la vez que estamos realizando estudios de s\u00edsmica 3D por primera vez en la cuenca.<\/p><\/div>\n\t\t\t\t<\/div>\n\t\t\t\t\t\t\t<div class=\"elementor-accordion-item\">\n\t\t\t\t\t<div id=\"elementor-tab-title-1196\" class=\"elementor-tab-title\" data-tab=\"6\" role=\"button\" aria-controls=\"elementor-tab-content-1196\" aria-expanded=\"false\">\n\t\t\t\t\t\t\t\t\t\t\t\t\t<span class=\"elementor-accordion-icon elementor-accordion-icon-right\" aria-hidden=\"true\">\n\t\t\t\t\t\t\t\t\t\t\t\t\t\t\t<span class=\"elementor-accordion-icon-closed\"><i class=\"fas fa-angle-down\"><\/i><\/span>\n\t\t\t\t\t\t\t\t<span class=\"elementor-accordion-icon-opened\"><i class=\"fas fa-sort-up\"><\/i><\/span>\n\t\t\t\t\t\t\t\t\t\t\t\t\t\t<\/span>\n\t\t\t\t\t\t\t\t\t\t\t\t<a class=\"elementor-accordion-title\" tabindex=\"0\">Compromiso con la salud, la seguridad, el medioambiente y la responsabilidad social <\/a>\n\t\t\t\t\t<\/div>\n\t\t\t\t\t<div id=\"elementor-tab-content-1196\" class=\"elementor-tab-content elementor-clearfix\" data-tab=\"6\" role=\"region\" aria-labelledby=\"elementor-tab-title-1196\"><p>Estamos comprometidos con la protecci\u00f3n del medioambiente, as\u00ed como con la seguridad y la salud de nuestros empleados, nuestros contratistas y las comunidades en las \u00e1reas en las que operamos. Estamos convencidos de que la mejor forma de cumplir con nuestro compromiso es contar con personal capacitado y comprometido, as\u00ed como adherirnos a pr\u00e1cticas internacionales que garanticen el desarrollo de operaciones responsables. Seguimos est\u00e1ndares espec\u00edficos de la industria, como las normas de la Sociedad Estadounidense de Pruebas y Materiales (ASTM, por sus siglas en ingl\u00e9s), las normas del Instituto Estadounidense del Petr\u00f3leo (API), las normas de la Asociaci\u00f3n Nacional de Protecci\u00f3n contra Incendios de Estados Unidos (NFPA) y las normas del Instituto Argentino de Normalizaci\u00f3n y Certificaci\u00f3n (IRAM). Aplicamos soluciones tecnol\u00f3gicas de avanzada para proteger el medioambiente y hemos desarrollado e implementado procesos de gesti\u00f3n a fin de continuar mejorando nuestra actividad en salud, seguridad y desempe\u00f1o ambiental. Tambi\u00e9n hemos desarrollado una relaci\u00f3n s\u00f3lida y positiva con las comunidades locales en nuestras \u00e1reas de operaci\u00f3n.<\/p><\/div>\n\t\t\t\t<\/div>\n\t\t\t\t\t\t\t\t<\/div>\n\t\t\t\t\t\t<\/div>\n\t\t\t\t<\/div>\n\t\t\t\t\t<\/div>\n\t\t<\/div>\n\t\t\t\t\t<\/div>\n\t\t<\/section>\n\t\t\t\t<section class=\"elementor-section elementor-top-section elementor-element elementor-element-7bdeb7a elementor-section-boxed elementor-section-height-default elementor-section-height-default\" data-id=\"7bdeb7a\" data-element_type=\"section\" data-e-type=\"section\">\n\t\t\t\t\t\t<div class=\"elementor-container elementor-column-gap-default\">\n\t\t\t\t\t<div class=\"elementor-column elementor-col-100 elementor-top-column elementor-element elementor-element-461055b\" data-id=\"461055b\" data-element_type=\"column\" data-e-type=\"column\">\n\t\t\t<div class=\"elementor-widget-wrap elementor-element-populated\">\n\t\t\t\t\t\t<div class=\"elementor-element elementor-element-6cfea01 elementor-widget elementor-widget-spacer\" data-id=\"6cfea01\" data-element_type=\"widget\" data-e-type=\"widget\" data-widget_type=\"spacer.default\">\n\t\t\t\t<div class=\"elementor-widget-container\">\n\t\t\t\t\t\t\t<div class=\"elementor-spacer\">\n\t\t\t<div class=\"elementor-spacer-inner\"><\/div>\n\t\t<\/div>\n\t\t\t\t\t\t<\/div>\n\t\t\t\t<\/div>\n\t\t\t\t\t<\/div>\n\t\t<\/div>\n\t\t\t\t\t<\/div>\n\t\t<\/section>\n\t\t\t\t<\/div>\n\t\t","protected":false},"excerpt":{"rendered":"<p>ESTRATEGIA DE NEGOCIO Apuntamos a incrementar nuestra producci\u00f3n y reservas de petr\u00f3leo y gas a trav\u00e9s del desarrollo y la exploraci\u00f3n de nuestras \u00e1reas al concentrarnos en proyectos de riesgo relativamente bajo y mediante nuevos acuerdos de\u00a0farmout,\u00a0joint ventures\u00a0o asociaciones similares, en inversiones estrat\u00e9gicas de ciclo largo que nos permitan capturar oportunidades de crecimiento, reducir los [&hellip;]<\/p>\n","protected":false},"author":1,"featured_media":0,"parent":0,"menu_order":0,"comment_status":"closed","ping_status":"closed","template":"elementor_header_footer","meta":{"ocean_post_layout":"full-width","ocean_both_sidebars_style":"","ocean_both_sidebars_content_width":0,"ocean_both_sidebars_sidebars_width":0,"ocean_sidebar":"0","ocean_second_sidebar":"0","ocean_disable_margins":"enable","ocean_add_body_class":"","ocean_shortcode_before_top_bar":"","ocean_shortcode_after_top_bar":"","ocean_shortcode_before_header":"","ocean_shortcode_after_header":"","ocean_has_shortcode":"","ocean_shortcode_after_title":"","ocean_shortcode_before_footer_widgets":"","ocean_shortcode_after_footer_widgets":"","ocean_shortcode_before_footer_bottom":"","ocean_shortcode_after_footer_bottom":"","ocean_display_top_bar":"default","ocean_display_header":"default","ocean_header_style":"","ocean_center_header_left_menu":"0","ocean_custom_header_template":"0","ocean_custom_logo":0,"ocean_custom_retina_logo":0,"ocean_custom_logo_max_width":0,"ocean_custom_logo_tablet_max_width":0,"ocean_custom_logo_mobile_max_width":0,"ocean_custom_logo_max_height":0,"ocean_custom_logo_tablet_max_height":0,"ocean_custom_logo_mobile_max_height":0,"ocean_header_custom_menu":"0","ocean_menu_typo_font_family":"0","ocean_menu_typo_font_subset":"","ocean_menu_typo_font_size":0,"ocean_menu_typo_font_size_tablet":0,"ocean_menu_typo_font_size_mobile":0,"ocean_menu_typo_font_size_unit":"px","ocean_menu_typo_font_weight":"","ocean_menu_typo_font_weight_tablet":"","ocean_menu_typo_font_weight_mobile":"","ocean_menu_typo_transform":"","ocean_menu_typo_transform_tablet":"","ocean_menu_typo_transform_mobile":"","ocean_menu_typo_line_height":0,"ocean_menu_typo_line_height_tablet":0,"ocean_menu_typo_line_height_mobile":0,"ocean_menu_typo_line_height_unit":"","ocean_menu_typo_spacing":0,"ocean_menu_typo_spacing_tablet":0,"ocean_menu_typo_spacing_mobile":0,"ocean_menu_typo_spacing_unit":"","ocean_menu_link_color":"","ocean_menu_link_color_hover":"","ocean_menu_link_color_active":"","ocean_menu_link_background":"","ocean_menu_link_hover_background":"","ocean_menu_link_active_background":"","ocean_menu_social_links_bg":"","ocean_menu_social_hover_links_bg":"","ocean_menu_social_links_color":"","ocean_menu_social_hover_links_color":"","ocean_disable_title":"on","ocean_disable_heading":"default","ocean_post_title":"","ocean_post_subheading":"","ocean_post_title_style":"","ocean_post_title_background_color":"","ocean_post_title_background":0,"ocean_post_title_bg_image_position":"","ocean_post_title_bg_image_attachment":"","ocean_post_title_bg_image_repeat":"","ocean_post_title_bg_image_size":"","ocean_post_title_height":0,"ocean_post_title_bg_overlay":0.5,"ocean_post_title_bg_overlay_color":"","ocean_disable_breadcrumbs":"off","ocean_breadcrumbs_color":"","ocean_breadcrumbs_separator_color":"","ocean_breadcrumbs_links_color":"","ocean_breadcrumbs_links_hover_color":"","ocean_display_footer_widgets":"default","ocean_display_footer_bottom":"default","ocean_custom_footer_template":"0","footnotes":""},"class_list":["post-22","page","type-page","status-publish","hentry","entry"],"_links":{"self":[{"href":"https:\/\/cgc.energy\/esp\/wp-json\/wp\/v2\/pages\/22","targetHints":{"allow":["GET"]}}],"collection":[{"href":"https:\/\/cgc.energy\/esp\/wp-json\/wp\/v2\/pages"}],"about":[{"href":"https:\/\/cgc.energy\/esp\/wp-json\/wp\/v2\/types\/page"}],"author":[{"embeddable":true,"href":"https:\/\/cgc.energy\/esp\/wp-json\/wp\/v2\/users\/1"}],"replies":[{"embeddable":true,"href":"https:\/\/cgc.energy\/esp\/wp-json\/wp\/v2\/comments?post=22"}],"version-history":[{"count":39,"href":"https:\/\/cgc.energy\/esp\/wp-json\/wp\/v2\/pages\/22\/revisions"}],"predecessor-version":[{"id":3082,"href":"https:\/\/cgc.energy\/esp\/wp-json\/wp\/v2\/pages\/22\/revisions\/3082"}],"wp:attachment":[{"href":"https:\/\/cgc.energy\/esp\/wp-json\/wp\/v2\/media?parent=22"}],"curies":[{"name":"wp","href":"https:\/\/api.w.org\/{rel}","templated":true}]}}