{"id":27,"date":"2019-01-18T16:47:00","date_gmt":"2019-01-18T16:47:00","guid":{"rendered":"http:\/\/somoscgc.energy\/eng\/?page_id=27"},"modified":"2022-09-30T18:14:44","modified_gmt":"2022-09-30T18:14:44","slug":"our-assets","status":"publish","type":"page","link":"https:\/\/cgc.energy\/eng\/our-assets\/","title":{"rendered":"About Our Assets"},"content":{"rendered":"\t\t<div data-elementor-type=\"wp-post\" data-elementor-id=\"27\" class=\"elementor elementor-27\" data-elementor-settings=\"[]\">\n\t\t\t\t\t\t<div class=\"elementor-inner\">\n\t\t\t\t\t\t\t<div class=\"elementor-section-wrap\">\n\t\t\t\t\t\t\t<section class=\"elementor-section elementor-top-section elementor-element elementor-element-054f818 elementor-section-full_width elementor-section-content-middle elementor-section-height-min-height elementor-section-stretched elementor-section-height-default elementor-section-items-middle\" data-id=\"054f818\" data-element_type=\"section\" data-settings=\"{&quot;stretch_section&quot;:&quot;section-stretched&quot;}\">\n\t\t\t\t\t\t<div class=\"elementor-container elementor-column-gap-no\">\n\t\t\t\t\t\t\t<div class=\"elementor-row\">\n\t\t\t\t\t<div class=\"elementor-column elementor-col-100 elementor-top-column elementor-element elementor-element-25c918f\" data-id=\"25c918f\" data-element_type=\"column\">\n\t\t\t<div class=\"elementor-column-wrap elementor-element-populated\">\n\t\t\t\t\t\t\t<div class=\"elementor-widget-wrap\">\n\t\t\t\t\t\t<div class=\"elementor-element elementor-element-12615ec elementor--h-position-center elementor--v-position-middle elementor-widget elementor-widget-slides\" data-id=\"12615ec\" data-element_type=\"widget\" data-settings=\"{&quot;navigation&quot;:&quot;none&quot;,&quot;autoplay_speed&quot;:4000,&quot;transition&quot;:&quot;fade&quot;,&quot;autoplay&quot;:&quot;yes&quot;,&quot;pause_on_hover&quot;:&quot;yes&quot;,&quot;pause_on_interaction&quot;:&quot;yes&quot;,&quot;infinite&quot;:&quot;yes&quot;,&quot;transition_speed&quot;:500}\" data-widget_type=\"slides.default\">\n\t\t\t\t<div class=\"elementor-widget-container\">\n\t\t\t\t\t<div class=\"elementor-swiper\">\n\t\t\t<div class=\"elementor-slides-wrapper elementor-main-swiper swiper-container\" dir=\"ltr\" data-animation=\"fadeInUp\">\n\t\t\t\t<div class=\"swiper-wrapper elementor-slides\">\n\t\t\t\t\t<div class=\"elementor-repeater-item-2f0bd91 swiper-slide\"><div class=\"swiper-slide-bg elementor-ken-burns elementor-ken-burns--in\"><\/div><div class=\"swiper-slide-inner\" ><div class=\"swiper-slide-contents\"><\/div><\/div><\/div>\t\t\t\t<\/div>\n\t\t\t\t\t\t\t<\/div>\n\t\t<\/div>\n\t\t\t\t<\/div>\n\t\t\t\t<\/div>\n\t\t\t\t\t\t<\/div>\n\t\t\t\t\t<\/div>\n\t\t<\/div>\n\t\t\t\t\t\t\t\t<\/div>\n\t\t\t\t\t<\/div>\n\t\t<\/section>\n\t\t\t\t<section class=\"elementor-section elementor-top-section elementor-element elementor-element-2e039bd9 elementor-section-boxed elementor-section-height-default elementor-section-height-default\" data-id=\"2e039bd9\" data-element_type=\"section\">\n\t\t\t\t\t\t<div class=\"elementor-container elementor-column-gap-default\">\n\t\t\t\t\t\t\t<div class=\"elementor-row\">\n\t\t\t\t\t<div class=\"elementor-column elementor-col-50 elementor-top-column elementor-element elementor-element-9a5fa9f\" data-id=\"9a5fa9f\" data-element_type=\"column\">\n\t\t\t<div class=\"elementor-column-wrap elementor-element-populated\">\n\t\t\t\t\t\t\t<div class=\"elementor-widget-wrap\">\n\t\t\t\t\t\t<div class=\"elementor-element elementor-element-6ab67a0 elementor-widget elementor-widget-spacer\" data-id=\"6ab67a0\" data-element_type=\"widget\" data-widget_type=\"spacer.default\">\n\t\t\t\t<div class=\"elementor-widget-container\">\n\t\t\t\t\t<div class=\"elementor-spacer\">\n\t\t\t<div class=\"elementor-spacer-inner\"><\/div>\n\t\t<\/div>\n\t\t\t\t<\/div>\n\t\t\t\t<\/div>\n\t\t\t\t<div class=\"elementor-element elementor-element-622b376c elementor-widget elementor-widget-heading\" data-id=\"622b376c\" data-element_type=\"widget\" data-widget_type=\"heading.default\">\n\t\t\t\t<div class=\"elementor-widget-container\">\n\t\t\t<h2 class=\"elementor-heading-title elementor-size-default\">About Our Assets <\/h2>\t\t<\/div>\n\t\t\t\t<\/div>\n\t\t\t\t\t\t<\/div>\n\t\t\t\t\t<\/div>\n\t\t<\/div>\n\t\t\t\t<div class=\"elementor-column elementor-col-50 elementor-top-column elementor-element elementor-element-6296eb2\" data-id=\"6296eb2\" data-element_type=\"column\">\n\t\t\t<div class=\"elementor-column-wrap elementor-element-populated\">\n\t\t\t\t\t\t\t<div class=\"elementor-widget-wrap\">\n\t\t\t\t\t\t<div class=\"elementor-element elementor-element-429dd83 elementor-align-right elementor-mobile-align-center elementor-widget elementor-widget-button\" data-id=\"429dd83\" data-element_type=\"widget\" data-widget_type=\"button.default\">\n\t\t\t\t<div class=\"elementor-widget-container\">\n\t\t\t\t\t<div class=\"elementor-button-wrapper\">\n\t\t\t<a href=\"https:\/\/www.se.gob.ar\/datosupstream\/consulta_avanzada\/reporte.php\" target=\"_blank\" rel=\"nofollow\" class=\"elementor-button-link elementor-button elementor-size-sm\" role=\"button\">\n\t\t\t\t\t\t<span class=\"elementor-button-content-wrapper\">\n\t\t\t\t\t\t<span class=\"elementor-button-text\">Our production month by month<\/span>\n\t\t<\/span>\n\t\t\t\t\t<\/a>\n\t\t<\/div>\n\t\t\t\t<\/div>\n\t\t\t\t<\/div>\n\t\t\t\t\t\t<\/div>\n\t\t\t\t\t<\/div>\n\t\t<\/div>\n\t\t\t\t\t\t\t\t<\/div>\n\t\t\t\t\t<\/div>\n\t\t<\/section>\n\t\t\t\t<section class=\"elementor-section elementor-top-section elementor-element elementor-element-3682181 elementor-section-stretched elementor-section-boxed elementor-section-height-default elementor-section-height-default\" data-id=\"3682181\" data-element_type=\"section\" data-settings=\"{&quot;stretch_section&quot;:&quot;section-stretched&quot;}\">\n\t\t\t\t\t\t<div class=\"elementor-container elementor-column-gap-default\">\n\t\t\t\t\t\t\t<div class=\"elementor-row\">\n\t\t\t\t\t<div class=\"elementor-column elementor-col-50 elementor-top-column elementor-element elementor-element-9ee9608\" data-id=\"9ee9608\" data-element_type=\"column\">\n\t\t\t<div class=\"elementor-column-wrap elementor-element-populated\">\n\t\t\t\t\t\t\t<div class=\"elementor-widget-wrap\">\n\t\t\t\t\t\t<div class=\"elementor-element elementor-element-95317e1 elementor-widget elementor-widget-text-editor\" data-id=\"95317e1\" data-element_type=\"widget\" data-widget_type=\"text-editor.default\">\n\t\t\t\t<div class=\"elementor-widget-container\">\n\t\t\t\t\t\t\t\t<div class=\"elementor-text-editor elementor-clearfix\">\n\t\t\t\t<p>We hold interests and operate more than 160 oil and gas fields across twelve blocks in the Austral basin, fifteen blocks in the Golfo San Jorge basin, five blocks in the Cuyana basin, one block in the Northwestern basin and one block in the Eastern basin (Venezuela). Our areas in Argentina cover an aggregate 7.9 million gross acres and 6.8 million net acres. The Austral basin and Golfo San Jorge basin, located in the extreme south of South America, comprises the substantial majority of our production and reserves, and is where we intend to continue to focus our activities. We operate all of our oil and gas fields in both basins and two of our fields in Cuyana basin. The three remaining fields in Cuyana basin, and our field in the Northwestern basin, Aguarag\u00fce block, are operated by our partners.<span class=\"Apple-converted-space\">\u00a0<\/span><\/p><p>Our production and development activities in the Austral basin are conducted pursuant to 26 production concessions and three exploration permits granted by the Argentine federal and provincial governments. One of our concessions is for non-conventional gas production in the Campo Indio Este-El Cerrito block, which was extended for an additional 35-year term in January 2018. We conduct these activities ourselves or in conjunction with joint operating partners.<\/p><p>We own several infrastructure facilities in the Austral Basin, including oil and natural gas treatment plants, gathering systems, batteries for collecting fluids at each field and more than 1,300 km of interconnection pipelines to transport production to treatment. This allow us to switch our oil and gas mix to quickly respond to changes in the domestic and international energy market and to capture the best prices available in the market. Additionally, we operate important storage and delivery facilities (with capacity of 135,000 m3) near the Punta Loyola seaport, which allows us to access both local and international crude oil markets.\u00a0<\/p><p>In February 19, 2020, we inaugurated our \u201cSur R\u00edo Chico\u201d underground gas storage facility, the second such facility in Argentina, which will allow us to inject approximately 1,000 Mm3\/d of natural gas during the summer season and extract approximately 2,000 Mm3\/d during the winter season.<\/p><p>In June 30, 2021, we acquired Sinopec Argentina Exploration and Production. With this acquisition, we increased our production by more than 50,000 Barrels of oil equivalent per day (boe), balancing our product mix to approximately 63% gas and 37% oil (previously 85% and 15% respectively).<span class=\"Apple-converted-space\">\u00a0<\/span><\/p><p>The assets incorporated in the acquisition cover more than 4,600 km2, most of them located in Golfo San Jorge basin and Cuyana basin. The acquisition included a stake in Termap, the port terminal operator in Caleta Olivia (Santa Cruz) and Caleta C\u00f3rdova (Chubut).<span class=\"Apple-converted-space\">\u00a0<\/span><\/p><p>As of December 2021, we increased our oil production to more than 3,200 m3 per day (m3\/d) and our gas production to 5,600 Mm3 per day (Mm3\/d). Additionally, proven reserves increased more than 100% (from 59 MM boe to approximately 122 MM boe).<\/p><p>CGC has also significant investments in TGN, the second largest gas pipelines network in northern and central Argentina. In 2021, this network of pipelines represented 40% of the gas transportation market in Argentina and consisted of an aggregate total length of over 7,300 km of pipeline with a delivery capacity of approximately 60 MMm3\/d.<\/p><p>Additionally, the Company hold 40% interest in both GasAndes Argentina and GasAndes Chile connecting La Mora field (Mendoza) with the city of Santiago de Chile.<\/p>\t\t\t\t\t<\/div>\n\t\t\t\t\t\t<\/div>\n\t\t\t\t<\/div>\n\t\t\t\t\t\t<\/div>\n\t\t\t\t\t<\/div>\n\t\t<\/div>\n\t\t\t\t<div class=\"elementor-column elementor-col-50 elementor-top-column elementor-element elementor-element-493df12\" data-id=\"493df12\" data-element_type=\"column\">\n\t\t\t<div class=\"elementor-column-wrap elementor-element-populated\">\n\t\t\t\t\t\t\t<div class=\"elementor-widget-wrap\">\n\t\t\t\t\t\t<div class=\"elementor-element elementor-element-d1c7cae elementor-widget elementor-widget-image\" data-id=\"d1c7cae\" data-element_type=\"widget\" data-widget_type=\"image.default\">\n\t\t\t\t<div class=\"elementor-widget-container\">\n\t\t\t\t\t\t\t\t<div class=\"elementor-image\">\n\t\t\t\t\t\t\t\t\t\t\t\t<img src=\"https:\/\/cgc.energy\/esp\/wp-content\/uploads\/2021\/10\/mapa-atikoRecurso-1.svg\" title=\"\" alt=\"\" \/>\t\t\t\t\t\t\t\t\t\t\t\t\t\t<\/div>\n\t\t\t\t\t\t<\/div>\n\t\t\t\t<\/div>\n\t\t\t\t\t\t<\/div>\n\t\t\t\t\t<\/div>\n\t\t<\/div>\n\t\t\t\t\t\t\t\t<\/div>\n\t\t\t\t\t<\/div>\n\t\t<\/section>\n\t\t\t\t<section class=\"elementor-section elementor-top-section elementor-element elementor-element-f76cab9 elementor-section-boxed elementor-section-height-default elementor-section-height-default\" data-id=\"f76cab9\" data-element_type=\"section\">\n\t\t\t\t\t\t<div class=\"elementor-container elementor-column-gap-default\">\n\t\t\t\t\t\t\t<div class=\"elementor-row\">\n\t\t\t\t\t<div class=\"elementor-column elementor-col-100 elementor-top-column elementor-element elementor-element-27c5556\" data-id=\"27c5556\" data-element_type=\"column\">\n\t\t\t<div class=\"elementor-column-wrap elementor-element-populated\">\n\t\t\t\t\t\t\t<div class=\"elementor-widget-wrap\">\n\t\t\t\t\t\t<div class=\"elementor-element elementor-element-6754240 elementor-widget elementor-widget-text-editor\" data-id=\"6754240\" data-element_type=\"widget\" data-widget_type=\"text-editor.default\">\n\t\t\t\t<div class=\"elementor-widget-container\">\n\t\t\t\t\t\t\t\t<div class=\"elementor-text-editor elementor-clearfix\">\n\t\t\t\t<p>\u00a0<\/p><table cellspacing=\"0\" cellpadding=\"0\"><tbody><tr><td valign=\"top\"><p><b><i>UPSTREAM<\/i><\/b><\/p><\/td><td valign=\"top\">\u00a0<\/td><td valign=\"top\">\u00a0<\/td><td valign=\"top\">\u00a0<\/td><td colspan=\"2\" valign=\"top\">\u00a0<\/td><td valign=\"top\">\u00a0<\/td><\/tr><tr><td valign=\"top\"><p><b>Country\/ basin<\/b><\/p><\/td><td valign=\"top\"><p><b>Area<\/b><\/p><\/td><td valign=\"top\"><p><b>Shareholding %<\/b><\/p><\/td><td valign=\"top\"><p><b>Operator<\/b><\/p><\/td><td colspan=\"2\" valign=\"top\"><p><b>Activity<\/b><\/p><\/td><td valign=\"top\">\u00a0<\/td><\/tr><tr><td colspan=\"6\" valign=\"top\"><p><b>ARGENTINA<\/b><\/p><\/td><td valign=\"top\">\u00a0<\/td><\/tr><tr><td rowspan=\"12\" valign=\"top\"><p>\u00a0Austral<\/p><\/td><td valign=\"top\"><p>El Cerrito<\/p><\/td><td valign=\"top\"><p>100<\/p><\/td><td rowspan=\"11\" valign=\"top\"><p>CGC<\/p><\/td><td colspan=\"2\" rowspan=\"9\" valign=\"top\"><p>Exploration and production<\/p><\/td><td valign=\"top\">\u00a0<\/td><\/tr><tr><td valign=\"top\"><p>Dos Hermanos<\/p><\/td><td valign=\"top\"><p>100<\/p><\/td><td valign=\"top\">\u00a0<\/td><\/tr><tr><td valign=\"top\"><p>Campo Boleadoras<\/p><\/td><td valign=\"top\"><p>100<\/p><\/td><td valign=\"top\">\u00a0<\/td><\/tr><tr><td valign=\"top\"><p>Campo Indio Este \/ El Cerrito<\/p><\/td><td valign=\"top\"><p>100<\/p><\/td><td valign=\"top\">\u00a0<\/td><\/tr><tr><td valign=\"top\"><p>Mar\u00eda In\u00e9s<\/p><\/td><td valign=\"top\"><p>100<\/p><\/td><td valign=\"top\">\u00a0<\/td><\/tr><tr><td valign=\"top\"><p>C\u00f3ndor<\/p><\/td><td valign=\"top\"><p>100<\/p><\/td><td valign=\"top\">\u00a0<\/td><\/tr><tr><td valign=\"top\"><p>La Maggie<\/p><\/td><td valign=\"top\"><p>50<\/p><\/td><td valign=\"top\">\u00a0<\/td><\/tr><tr><td valign=\"top\"><p>Glencross<\/p><\/td><td valign=\"top\"><p>87<\/p><\/td><td valign=\"top\">\u00a0<\/td><\/tr><tr><td valign=\"top\"><p>Estancia Chiripa<\/p><\/td><td valign=\"top\"><p>87<\/p><\/td><td valign=\"top\">\u00a0<\/td><\/tr><tr><td valign=\"top\"><p>Tap\u00ed Aike<\/p><\/td><td valign=\"top\"><p>100<\/p><\/td><td colspan=\"2\" valign=\"top\"><p>Exploration<\/p><\/td><td valign=\"top\">\u00a0<\/td><\/tr><tr><td valign=\"top\"><p>Piedrabuena<\/p><\/td><td valign=\"top\"><p>100<\/p><\/td><td colspan=\"2\" valign=\"top\"><p>Exploration<\/p><\/td><td valign=\"top\">\u00a0<\/td><\/tr><tr><td valign=\"top\"><p>\u00a0Paso Fuhr<\/p><\/td><td valign=\"top\"><p>\u00a050<\/p><\/td><td valign=\"top\">\u00a0<\/td><td colspan=\"2\" valign=\"top\"><p>\u00a0Exploration<\/p><\/td><td valign=\"top\">\u00a0<\/td><\/tr><tr><td valign=\"top\">\u00a0<\/td><td valign=\"top\">\u00a0<\/td><td valign=\"top\">\u00a0<\/td><td valign=\"top\">\u00a0<\/td><td colspan=\"2\" valign=\"top\">\u00a0<\/td><td valign=\"top\">\u00a0<\/td><\/tr><tr><td rowspan=\"15\" valign=\"top\"><p>Golfo San Jorge<\/p><\/td><td valign=\"middle\"><p>Bloque 127<\/p><\/td><td valign=\"top\"><p>100<\/p><\/td><td rowspan=\"15\" valign=\"top\"><p>Subsidiary<\/p><\/td><td colspan=\"2\" rowspan=\"15\" valign=\"top\"><p>Exploration and production<\/p><\/td><td valign=\"top\">\u00a0<\/td><\/tr><tr><td valign=\"middle\"><p>Ca\u00f1ad\u00f3n Le\u00f3n<\/p><\/td><td valign=\"top\"><p>100<\/p><\/td><td valign=\"top\">\u00a0<\/td><\/tr><tr><td valign=\"middle\"><p>Ca\u00f1ad\u00f3n Minerales<\/p><\/td><td valign=\"top\"><p>100<\/p><\/td><td valign=\"top\">\u00a0<\/td><\/tr><tr><td valign=\"middle\"><p>Ca\u00f1ad\u00f3n Seco<\/p><\/td><td valign=\"top\"><p>100<\/p><\/td><td valign=\"top\">\u00a0<\/td><\/tr><tr><td valign=\"middle\"><p>Cerro Overo<\/p><\/td><td valign=\"top\"><p>100<\/p><\/td><td valign=\"top\">\u00a0<\/td><\/tr><tr><td valign=\"middle\"><p>Cerro Wenceslao<\/p><\/td><td valign=\"top\"><p>100<\/p><\/td><td valign=\"top\">\u00a0<\/td><\/tr><tr><td valign=\"middle\"><p>El Cord\u00f3n<\/p><\/td><td valign=\"top\"><p>100<\/p><\/td><td valign=\"top\">\u00a0<\/td><\/tr><tr><td valign=\"middle\"><p>El Huemul \u2013 Koluel Kaike<\/p><\/td><td valign=\"top\"><p>100<\/p><\/td><td valign=\"top\">\u00a0<\/td><\/tr><tr><td valign=\"middle\"><p>Las Heras<\/p><\/td><td valign=\"top\"><p>100<\/p><\/td><td valign=\"top\">\u00a0<\/td><\/tr><tr><td valign=\"middle\"><p>Meseta Espinosa<\/p><\/td><td valign=\"top\"><p>100<\/p><\/td><td valign=\"top\">\u00a0<\/td><\/tr><tr><td valign=\"middle\"><p>Meseta Espinosa Norte<\/p><\/td><td valign=\"top\"><p>100<\/p><\/td><td valign=\"top\">\u00a0<\/td><\/tr><tr><td valign=\"middle\"><p>Meseta Sirven<\/p><\/td><td valign=\"top\"><p>100<\/p><\/td><td valign=\"top\">\u00a0<\/td><\/tr><tr><td valign=\"middle\"><p>Piedra Clavada<\/p><\/td><td valign=\"top\"><p>100<\/p><\/td><td valign=\"top\">\u00a0<\/td><\/tr><tr><td valign=\"middle\"><p>Sur Piedra Clavada<\/p><\/td><td valign=\"top\"><p>100<\/p><\/td><td valign=\"top\">\u00a0<\/td><\/tr><tr><td valign=\"middle\"><p>Tres Picos<\/p><\/td><td valign=\"top\"><p>100<\/p><\/td><td valign=\"top\">\u00a0<\/td><\/tr><tr><td valign=\"top\">\u00a0<\/td><td valign=\"top\">\u00a0<\/td><td valign=\"top\">\u00a0<\/td><td valign=\"top\">\u00a0<\/td><td colspan=\"2\" valign=\"top\">\u00a0<\/td><td valign=\"top\">\u00a0<\/td><\/tr><tr><td rowspan=\"5\" valign=\"top\"><p>Cuyana<\/p><\/td><td valign=\"middle\"><p>Cacheuta<\/p><\/td><td valign=\"top\"><p>100<\/p><\/td><td valign=\"top\"><p>Subsidiary<\/p><\/td><td colspan=\"2\" valign=\"top\"><p>Exploration and production<\/p><\/td><td valign=\"top\">\u00a0<\/td><\/tr><tr><td valign=\"middle\"><p>Caj\u00f3n de los Caballos<\/p><\/td><td valign=\"top\"><p>25<\/p><\/td><td colspan=\"2\" valign=\"middle\"><p>Roch S.A. (Bloque Occidental) e YPF S.A. (Bloque Oriental)<\/p><\/td><td colspan=\"2\" rowspan=\"4\" valign=\"top\">\u00a0<\/td><\/tr><tr><td valign=\"middle\"><p>La Ventana<\/p><\/td><td valign=\"top\"><p>30<\/p><\/td><td colspan=\"2\" valign=\"middle\"><p>YPF S.A.<\/p><\/td><\/tr><tr><td valign=\"middle\"><p>Piedras Coloradas \u2013 Estructura Intermedia<\/p><\/td><td valign=\"top\"><p>100<\/p><\/td><td colspan=\"2\" valign=\"top\"><p>Subsidiary<\/p><\/td><\/tr><tr><td valign=\"middle\"><p>R\u00edo Tunuy\u00e1n<\/p><\/td><td valign=\"top\"><p>30<\/p><\/td><td colspan=\"2\" valign=\"middle\"><p>YPF S.A.<\/p><\/td><\/tr><tr><td valign=\"top\">\u00a0<\/td><td valign=\"top\">\u00a0<\/td><td valign=\"top\">\u00a0<\/td><td colspan=\"2\" valign=\"top\">\u00a0<\/td><td colspan=\"2\" valign=\"top\">\u00a0<\/td><\/tr><tr><td valign=\"top\"><p>Northwestern<\/p><\/td><td valign=\"top\"><p>Aguarag\u00fce<\/p><\/td><td valign=\"top\"><p>5<\/p><\/td><td colspan=\"2\" valign=\"top\"><p>Tecpetrol S. A.<\/p><\/td><td colspan=\"2\" valign=\"top\"><p>Exploration and production<\/p><\/td><\/tr><tr><td colspan=\"6\" valign=\"top\">\u00a0<\/td><td valign=\"top\">\u00a0<\/td><\/tr><tr><td colspan=\"6\" valign=\"top\"><p><b>\u00a0<\/b><\/p><p><b>VENEZUELA<\/b><\/p><\/td><td valign=\"top\">\u00a0<\/td><\/tr><tr><td valign=\"top\"><p>Oriental<\/p><\/td><td valign=\"top\"><p>Campo Onado<\/p><\/td><td valign=\"top\"><p>26<\/p><\/td><td valign=\"top\"><p>Petronado S.A.<\/p><\/td><td colspan=\"2\" valign=\"top\"><p>Exploration<\/p><\/td><td valign=\"top\">\u00a0<\/td><\/tr><\/tbody><\/table>\t\t\t\t\t<\/div>\n\t\t\t\t\t\t<\/div>\n\t\t\t\t<\/div>\n\t\t\t\t\t\t<\/div>\n\t\t\t\t\t<\/div>\n\t\t<\/div>\n\t\t\t\t\t\t\t\t<\/div>\n\t\t\t\t\t<\/div>\n\t\t<\/section>\n\t\t\t\t<section class=\"elementor-section elementor-top-section elementor-element elementor-element-8795c4a elementor-section-boxed elementor-section-height-default elementor-section-height-default\" data-id=\"8795c4a\" data-element_type=\"section\">\n\t\t\t\t\t\t<div class=\"elementor-container elementor-column-gap-default\">\n\t\t\t\t\t\t\t<div class=\"elementor-row\">\n\t\t\t\t\t<div class=\"elementor-column elementor-col-100 elementor-top-column elementor-element elementor-element-6b1cd71\" data-id=\"6b1cd71\" data-element_type=\"column\">\n\t\t\t<div class=\"elementor-column-wrap elementor-element-populated\">\n\t\t\t\t\t\t\t<div class=\"elementor-widget-wrap\">\n\t\t\t\t\t\t<div class=\"elementor-element elementor-element-2b1244c elementor-widget elementor-widget-spacer\" data-id=\"2b1244c\" data-element_type=\"widget\" data-widget_type=\"spacer.default\">\n\t\t\t\t<div class=\"elementor-widget-container\">\n\t\t\t\t\t<div class=\"elementor-spacer\">\n\t\t\t<div class=\"elementor-spacer-inner\"><\/div>\n\t\t<\/div>\n\t\t\t\t<\/div>\n\t\t\t\t<\/div>\n\t\t\t\t\t\t<\/div>\n\t\t\t\t\t<\/div>\n\t\t<\/div>\n\t\t\t\t\t\t\t\t<\/div>\n\t\t\t\t\t<\/div>\n\t\t<\/section>\n\t\t\t\t\t\t<\/div>\n\t\t\t\t\t\t<\/div>\n\t\t\t\t\t<\/div>\n\t\t","protected":false},"excerpt":{"rendered":"<p>About Our Assets Our production month by month We hold interests and operate more than 160 oil and gas fields across twelve blocks in the Austral basin, fifteen blocks in the Golfo San Jorge basin, five blocks in the Cuyana basin, one block in the Northwestern basin and one block in the Eastern basin (Venezuela). [&hellip;]<\/p>\n","protected":false},"author":1,"featured_media":0,"parent":0,"menu_order":0,"comment_status":"closed","ping_status":"closed","template":"","meta":{"_mi_skip_tracking":false},"_links":{"self":[{"href":"https:\/\/cgc.energy\/eng\/wp-json\/wp\/v2\/pages\/27"}],"collection":[{"href":"https:\/\/cgc.energy\/eng\/wp-json\/wp\/v2\/pages"}],"about":[{"href":"https:\/\/cgc.energy\/eng\/wp-json\/wp\/v2\/types\/page"}],"author":[{"embeddable":true,"href":"https:\/\/cgc.energy\/eng\/wp-json\/wp\/v2\/users\/1"}],"replies":[{"embeddable":true,"href":"https:\/\/cgc.energy\/eng\/wp-json\/wp\/v2\/comments?post=27"}],"version-history":[{"count":46,"href":"https:\/\/cgc.energy\/eng\/wp-json\/wp\/v2\/pages\/27\/revisions"}],"predecessor-version":[{"id":2149,"href":"https:\/\/cgc.energy\/eng\/wp-json\/wp\/v2\/pages\/27\/revisions\/2149"}],"wp:attachment":[{"href":"https:\/\/cgc.energy\/eng\/wp-json\/wp\/v2\/media?parent=27"}],"curies":[{"name":"wp","href":"https:\/\/api.w.org\/{rel}","templated":true}]}}